and 205?
205
What is the highest common factor of 34 and 8?
2
Calculate the highest common divisor of 972 and 1272.
12
Calculate the greatest common divisor of 290 and 116.
58
What is the greatest common divisor of 39773 and 31?
31
Calculate the highest common factor of 229 and 2519.
229
Calculate the highest common divisor of 2748 and 60.
12
What is the highest common factor of 41 and 697?
41
Calculate the highest common divisor of 70 and 742.
14
What is the greatest common divisor of 134 and 9313?
67
What is the greatest common factor of 8 and 100?
4
What is the highest common divisor of 56966 and 182?
182
Calculate the greatest common divisor of 62 and 186.
62
What is the greatest common factor of 90 and 585?
45
What is the greatest common divisor of 58 and 1479?
29
What is the greatest common factor of 90 and 27?
9
Calculate the highest common factor of 795 and 195.
15
Calculate the highest common factor of 527 and 17.
17
Calculate the greatest common divisor of 95 and 955.
5
Calculate the highest common factor of 37 and 740.
37
Calculate the highest common factor of 77 and 3773.
77
Calculate the greatest common factor of 657 and 292.
73
Calculate the greatest common divisor of 3 and 3.
3
Calculate the greatest common divisor of 85 and 34.
17
Calculate the highest common factor of 37 and 3.
1
Calculate the highest common divisor of 162 and 3618.
54
What is the highest common factor of 16 and 10768?
16
What is the highest common divisor of 1178 and 124?
62
What is the greatest common factor of 1457 and 248?
31
What is the highest common factor of 1424 and 16?
16
Calculate the greatest common divisor of 126 and 35.
7
Calculate the highest common divisor of 507 and 65.
13
Calculate the greatest common factor of 279 and 3999.
93
Calculate the highest common divisor of 7719 and 93.
93
What is the highest common factor of 124 and 12?
4
Calculate the greatest common divisor of 59 and 1121.
59
What is the highest common factor of 33828 and 12?
12
Calculate the greatest common factor of 475 and 19.
19
Calculate the highest common factor of 119 and 68.
17
What is the highest common divisor of 325 and 78?
13
Calculate the highest common divisor of 53 and 3763.
53
What is the highest common factor of 25 and 75?
25
Calculate the highest common factor of 34 and 85.
17
Calculate the highest common factor of 371 and 954.
53
What is the greatest common divisor of 868 and 31?
31
What is the greatest common divisor of 39 and 3887?
13
Calculate the greatest common divisor of 176 and 1716.
44
What is the greatest common divisor of 26 and 598?
26
What is the highest common divisor of 1378 and 26?
26
What is the greatest common divisor of 656 and 12956?
164
Calculate the greatest common divisor of 1769 and 29.
29
What is the highest common divisor of 30 and 78?
6
Calculate the highest common divisor of 754 and 416.
26
What is the highest common factor of 72 and 384?
24
What is the highest common divisor of 105 and 140?
35
Calculate the highest common factor of 536 and 5494.
134
Calculate the greatest common divisor of 9 and 342.
9
What is the greatest common factor of 61 and 244?
61
What is the greatest common divisor of 924 and 300?
12
What is the highest common factor of 27 and 1?
1
Calculate the greatest common divisor of 12169 and 387.
43
Calculate the greatest common factor of 1645 and 875.
35
Calculate the greatest common divisor of 6 and 318.
6
What is the highest common factor of 120 and 24?
24
Calculate the highest common divisor of 342 and 2736.
342
Calculate the greatest common divisor of 1735 and 5.
5
Calculate the greatest common divisor of 155 and 70.
5
What is the highest common factor of 828 and 92?
92
Calculate the greatest common divisor of 5226 and 6.
6
What is the greatest common factor of 135 and 10260?
135
What is the greatest common factor of 3648 and 114?
114
Calculate the highest common divisor of 72 and 846.
18
Calculate the greatest common divisor of 2880 and 195.
15
What is the highest common divisor of 520 and 44?
4
What is the greatest common divisor of 178 and 1869?
89
Calculate the highest common factor of 7497 and 126.
63
What is the highest common factor of 180 and 35460?
180
What is the highest common factor of 1928 and 8?
8
What is the highest common factor of 1278 and 1136?
142
What is the greatest common factor of 150 and 120?
30
What is the highest common divisor of 11072 and 1730?
346
What is the greatest common factor of 53 and 19027?
53
Calculate the highest common factor of 90 and 13815.
45
Calculate the greatest common divisor of 2698 and 142.
142
What is the greatest common divisor of 923 and 104?
13
Calculate the greatest common factor of 41 and 13.
1
Calculate the highest common factor of 1161 and 3569.
43
What is the highest common factor of 640 and 430?
10
What is the highest common factor of 14 and 3745?
7
What is the highest common divisor of 1869 and 21?
21
What is the highest common divisor of 649 and 44?
11
What is the greatest common factor of 161 and 3243?
23
What is the greatest common factor of 738 and 27?
9
Calculate the highest common divisor of 1298 and 22.
22
Calculate the greatest common divisor of 6697 and 37.
37
Calculate the greatest common divisor of 3175 and 508.
127
Calculate the highest common divisor of 384 and 324.
12
Calculate the greatest common divisor of 24 and 14072.
8
What is the highest common divisor of 260 and 195?
65
What is the greatest common divisor of 35 and 455?
35
What is the greatest common divisor of 360 and 135?
45
Calculate the greatest common divisor of 91 and 154.
7
What is the highest common divisor of 156 and 2756?
52
Calculate the highest common divisor of 90 and 40.
10
What is the highest common factor of 90 and 54?
18
What is the highest common factor of 190 and 80?
10
Calculate the greatest common factor of 860 and 560.
20
What is the greatest common factor of 737 and 67?
67
Calculate the greatest common factor of 2 and 346.
2
What is the greatest common factor of 19 and 2774?
19
Calculate the highest common divisor of 496 and 3348.
124
Calculate the highest common divisor of 8 and 3424.
8
What is the greatest common divisor of 6 and 474?
6
What is the highest common factor of 215 and 43?
43
What is the highest common divisor of 4360 and 640?
40
Calculate the highest common divisor of 630 and 7035.
105
Calculate the highest common factor of 315 and 21.
21
What is the greatest common factor of 25275 and 75?
75
What is the greatest common factor of 270 and 1100?
10
Calculate the greatest common factor of 161 and 23.
23
What is the highest common factor of 75 and 400?
25
What is the highest common factor of 4 and 23?
1
Calculate the highest common factor of 936 and 832.
104
Calculate the greatest common divisor of 15 and 285.
15
What is the greatest common factor of 9412 and 104?
52
Calculate the highest common divisor of 72 and 8.
8
What is the greatest common factor of 104 and 576?
8
Calculate the highest common factor of 63 and 105.
21
What is the highest common factor of 2964 and 456?
228
Calculate the highest common factor of 60 and 500.
20
Calculate the highest common divisor of 686 and 1323.
49
What is the highest common divisor of 938 and 14?
14
Calculate the highest common divisor of 460 and 92.
92
What is the greatest common divisor of 30 and 8920?
10
Calculate the highest common divisor of 42 and 4608.
6
Calculate the highest common divisor of 1247 and 116.
29
What is the greatest common factor of 220 and 140?
20
Calculate the greatest common factor of 2006 and 1888.
118
What is the highest common divisor of 1908 and 36?
36
What is the highest common divisor of 80 and 220?
20
What is the highest common divisor of 597 and 3?
3
What is the greatest common divisor of 8512 and 228?
76
What is the greatest common divisor of 96 and 9248?
32
Calculate the greatest common divisor of 93 and 2759.
31
Calculate the highest common divisor of 141 and 2397.
141
What is the greatest common divisor of 170 and 20?
10
What is the greatest common divisor of 116 and 22156?
116
What is the highest common divisor of 186 and 6231?
93
Calculate the greatest common factor of 258 and 21285.
129
Calculate the highest common divisor of 912 and 342.
114
What is the highest common